Let z be d(-4). Let x = -5 - z. Let k = x + 15. Let h(w) = -2*w - 1. What is h(k)?
5
Suppose 5 - 1 = 4*i + q, -3*q = -4*i + 20. Let y(s) = 7*s + i + 2*s - 3 - 6*s. Calculate y(-5).
-16
Let z(q) = -2*q**2 + 2. Let b be z(3). Let v = b - -26. Suppose 0 = 3*l - 3*j - v - 14, -12 = 3*j. Let w(n) = n**3 - 4*n**2 - 2*n + 2. Determine w(l).
-6
Let w(j) = -j**3 - j + 5. Let o(m) = 3 + 0 - 3*m + 4*m - 5. Let z be o(4). Suppose z*k = k. Give w(k).
5
Suppose -m - 1 = 10. Let r = -538 - -532. Let f(g) = -8*g + 5. Let d(a) = 4*a - 3. Let k(n) = m*d(n) + r*f(n). Determine k(-2).
-5
Let w be (-6)/(-27) - 350/(-45). Suppose w*x - 44 = -12. Suppose b + 1 = v - 1, x*v - 5 = 5*b. Let c(m) = -m**2 + 4*m - 1. Calculate c(b).
2
Let c = 3 + 12. Let f be (-12)/c - 9/(-5). Let a(w) = -w - 1. Let t(s) = s**2 + 2*s - 9. Let v(y) = f*t(y) - 4*a(y). Give v(-5).
-10
Let z(c) = -c**2 - 25*c + 160. Let v be z(-30). Let l(w) = -w**3 + 11*w**2 - 11*w + 6. Give l(v).
-4
Let b(r) = 29*r**2 + 29*r**2 + r + 27*r**2 - 84*r**2 + 7*r. Give b(-8).
0
Suppose 10 = 2*b + 3*o + 16, -5*o = 0. Let j(d) = -d**2 - 2. Determine j(b).
-11
Let a(k) = 4 - k - 49 + 17 + 4*k + 4. Determine a(7).
-3
Let r(x) be the second derivative of -x**5/60 + x**4/8 - x**3/2 + 17*x**2 + 21*x. Let y(o) be the first derivative of r(o). Calculate y(2).
-1
Suppose -3*i - 18 = -3*m, 2*i - m = -4*m + 3. Let l(n) be the second derivative of n**4/6 + 2*n**3/3 - n**2/2 - 24*n. Determine l(i).
5
Let f(n) = -n**3 - 4*n**2 - 5*n - 10. Let r(y) = -16*y + 44. Let b be r(3). Determine f(b).
10
Let s(p) = -2*p**2 - p - 1. Let k be (-3)/(-2)*(-14)/(-3). Suppose 0 = k*r - 0 + 7. Determine s(r).
-2
Let u(o) = -131*o + 1050. Let k be u(8). Let f(h) = -h**2 + 8*h - 7. Give f(k).
5
Let a(s) be the third derivative of -s**4/24 - s**3/2 - 26*s**2. Calculate a(-1).
-2
Let m(a) = -273*a + 19. Let h(p) = 1137*p - 79. Let g(u) = 6*h(u) + 25*m(u). Suppose 0 = 3*v - 4*c - 30, 5*v - 42 = 5*c - c. Let q = v + -8. What is g(q)?
7
Let n(f) = f**2 - 2*f - 1. Let d be 2/(-4)*(-3 + (-8 - -5)). Suppose -5*g = -d*o + 4, g - 13 = -4*o - 0*g. What is n(o)?
2
Suppose 67*d + 2 = 70*d + 2*z, 0 = -4*d + 2*z + 26. Let w(a) = 10*a - 16. Give w(d).
24
Let u(d) be the first derivative of d**5/30 + d**4/8 + 31*d**3/3 - 14. Let j(q) be the third derivative of u(q). Give j(-2).
-5
Let d(q) = 2*q**2 + 3*q - 3. Let y be -5*(-1 - (-1)/5). Let u(r) = -455 - 5*r**2 + 927 - 9*r - 464. Let f(l) = y*u(l) + 11*d(l). Determine f(-2).
13
Suppose 5*n - 7*d - 20 = -12*d, -3*n = -4*d - 26. Let k(w) = 5*w + 2. Calculate k(n).
32
Let q(d) = -9*d + 6. Let b(c) = 17*c - 135. Let h be b(8). Determine q(h).
-3
Let s(i) = -4*i**2 + 11*i. Let h(x) = -5*x**2 + 12*x + 1. Let k(b) = 2*h(b) - 3*s(b). What is k(6)?
20
Let x(y) be the second derivative of -y**5/20 - y**4/3 - y**3/3 - 2*y**2 - 2*y - 19. Determine x(-3).
-7
Let r be (66/(-24))/11 + (-170)/(-8). Suppose -21 = 3*s - r. Let h(c) = -9 + 4*c - 5*c + 0*c. Determine h(s).
-9
Let r(a) = -11*a - 4. Let w(t) = -7*t - 3. Let b(d) = -5*r(d) + 7*w(d). Let q(i) = -4*i + 1. Let j(g) = 5*b(g) + 8*q(g). Let k = 8 - 5. What is j(k)?
-3
Let i = -108 - -113. Let b(j) = -23*j**3 + 2*j**2 - 3 + 5*j + 22*j**3 + 2*j**2. Give b(i).
-3
Let u(o) = o**3 - 7*o**2 - 19*o + 13. Let c be ((-21)/28)/(2/(-24)). What is u(c)?
4
Let y(m) = 2*m - 9. Let f(i) = -40*i - 24. Let c be f(-1). Determine y(c).
23
Suppose 20 = 5*c, -c + 17 = 4*h - 11. Let s be (-2 + 4 - 0) + 0. Let a(i) = -1 + h*i + 1 + s. Calculate a(-2).
-10
Suppose 9*c = 7*c + 6. Let i(a) be the first derivative of -3 + 5/3*a**3 + 2*a - 1/4*a**4 - 2*a**2. Give i(c).
8
Let r(t) = t - 12. Suppose -3*m - j = -45, 2*j - 9 = -j. Suppose 132 = m*z + 48. Give r(z).
-6
Let c = 212 + -230. Let i(u) = u + 21. Determine i(c).
3
Let b = 0 - -9. Let r(m) = m**2 + b - 2*m - m - 4*m - 3*m. Give r(9).
0
Let z(x) = x**3 - 5*x**2 - x + 5. Let r(s) = 7*s - 2. Let w = 12 + -11. Let b be r(w). Give z(b).
0
Let t be ((-5)/3)/(2/(-6)). Let n(g) = -3*g - 2*g**2 - 4*g + g**3 + 1 + t*g. Determine n(3).
4
Let w be 3/(-12) - 15/4. Let g(m) = -m**3 - 4*m**2 - 2*m - 4. Let i be g(w). Let o be (-6)/i - 1/2. Let k(u) = -u**3 + 2*u**2 + 4*u + 3. Determine k(o).
11
Let g(a) = a - 7. Suppose 2*d = 3*f + 2, 5*f = -0*d - 2*d + 2. Let k = 0 - f. Calculate g(k).
-7
Let b(q) = 2*q**3 + 4*q**2 - 5*q + 3. Let h be 7 - 7 - (4 - 2). Let v(y) = -y**3 - 4*y**2 + 4*y - 2. Let o(u) = h*b(u) - 3*v(u). Give o(4).
-8
Suppose -5*z + 7*z = 3*w - 3, -3*w - 6 = -5*z. Let s(h) = -h - 1 + z*h**3 + h - 5*h + 3*h. Determine s(-2).
-21
Suppose 0 = 7*u - 7 - 7. Suppose m = -5*c - 5 + 35, -u*c = -m - 12. Let n(z) = -7 + z - 3 + 3. Give n(c).
-1
Let t(v) = -2*v + 45. Let q(h) = -h**2 - 13*h + 34. Let c be q(-14). Give t(c).
5
Let a(n) = n**3 - 8*n**2 + 1. Let g = -61 + 68. Calculate a(g).
-48
Let i(a) = -10*a. Let y(j) = -7*j**2 + 15 - j**3 - 2*j**2 + 3*j**2 + 9*j + 0*j**2. Let p be y(-7). Calculate i(p).
-10
Let u = 1476 - 1462. Let h(a) = 2*a**2 - 30*a + 23. Calculate h(u).
-5
Let v(a) = 19*a - 1. Let t(r) = -26*r. Let q(x) = -3*t(x) - 4*v(x). Let j = 13 - 9. What is q(j)?
12
Let l(t) = 8*t**3 + t**2. Let y(f) = -8*f**3 - f**2. Suppose 0 = -11*b + 3*b - 16. Let d(j) = b*y(j) - 3*l(j). What is d(-1)?
7
Let j(a) = 3*a - 2*a - 12557*a**2 + 2 + 12554*a**2. Determine j(-1).
-2
Let d(b) = 3*b + 4. Let o(u) = 8*u + 11. Let l(w) = 11*d(w) - 4*o(w). Let t(a) = a**3 + 3*a**2 - 4*a - 6. Let x be t(-4). Let j = x + 2. Give l(j).
-4
Suppose 2*z + 5 = -1, -4*x = 4*z + 32. Let p(a) = 2*a**2 - 1 + 3*a**2 + a + 5*a**3 - 4*a**3. Give p(x).
-6
Let k be (-10)/3*30/25. Let h(v) be the first derivative of 4/3*v**3 + 3*v + 1/4*v**4 - 1/2*v**2 - 9. What is h(k)?
7
Let g(b) = -b**3 + 4*b**2 - 4*b + 6. Let q be 0/5 - 19 - -1. Let j = q + 22. Calculate g(j).
-10
Let s(q) = 4 + 0 - q**2 - 2 + 1. Calculate s(5).
-22
Let t(h) = -h**3 - 10*h**2 - 7*h - 13. Suppose -19*w - 135 = -4*w. What is t(w)?
-31
Suppose -3*o = 3*v - 3 + 12, 3*o - 9 = 3*v. Let n(i) = i**2 + i - 6. Calculate n(v).
0
Let v(c) = -6*c**2 + 10*c - 1. Let g(t) = 7*t**2 - 14*t. Let o(n) = -5*g(n) - 6*v(n). Suppose 0 = -3*y + 8 - 23. Calculate o(y).
-19
Let q(i) be the third derivative of -17*i**4/24 - 86*i**2. Determine q(-5).
85
Let r be (-6)/8 + 1105/(-260). Let t(u) = u**3 + 5*u**2 + 2*u + 1. What is t(r)?
-9
Let x(r) = -3*r - 4 + 2*r + 0*r + 3*r**2. Give x(3).
20
Let c(s) = s**2 + 3*s - 4. Let t be c(-4). Let g(y) = y + 4*y + y**3 - 6*y**2 + t*y**2 + 2*y. Let u = 12 - 7. Determine g(u).
10
Suppose 3*r - 5*j + 42 = 0, 2*r + 0*j = -4*j - 6. Let q(w) = -2*w. Calculate q(r).
18
Let g(m) = 5*m - 2. Let o(w) = -w + 1. Let n(p) = -3*g(p) - 8*o(p). What is n(1)?
-9
Suppose 2*y = -2*y + 60. Suppose -d + y = 10. Suppose d*j + 17 = 42. Let l(o) = 2*o - 4. What is l(j)?
6
Let k(y) be the second derivative of -2*y**3/3 - 3*y**2/2 - 212*y. Calculate k(2).
-11
Suppose 0*z + 9*z = -108. Let f(b) = -b**2 - 8*b + 50. What is f(z)?
2
Let s be (3552/60)/8 - 2/5. Let j(g) be the second derivative of -g**3/6 + 6*g**2 + g. What is j(s)?
5
Let q(y) = 3*y - 15. Let x(p) = -8*p + 563. Let s be x(70). Give q(s).
-6
Let h(j) = -5*j - 6 + j - 4*j. Let a(q) = -9 - 4*q + 5 - 3*q - 2. Let m(d) = -6*a(d) + 5*h(d). Calculate m(-4).
-2
Let u(n) be the first derivative of -n**3/3 + n**2/2 - n - 57. Give u(1).
-1
Let b(v) = -v**2 - v + 2. Suppose u - 167 = -167. Determine b(u).
2
Let w(p) = -p**2 - 4*p + 2. Let k be w(-4). Let i(n) = -n**2 + 7*n - 12. Let v be i(4). Let s(y) = 3 + v + 0 - 1 + y - y**3. Calculate s(k).
-4
Let y be (16/(-6))/((-4)/6*1). Let a(v) = 2*v**2 - 2*v - 1. Determine a(y).
23
Let o(q) = q**3 + 7*q**2 - 10*q - 8. Let j be (0 + 1)*((9 - 3) + -4). Suppose 0 = -j*p - 13 - 3. Give o(p).
8
Let l(i) = -i**2 - 7*i - 4. Let p(a) = -a + 1. Let m(d) = l(d) - 6*p(d). Let g = 229 + -229. Determine m(g).
-10
Let l(u) be the second derivative of -u**4/2 - u**3/2 + u**2 + 103*u. Calculate l(1).
-7
Let f = -3 + 6. Let g(p) = -17*p**2 + 7*p + 1. Let w(s) = 7*s**2 - 3*s - 1. Let c(x) = -2*g(x) - 5*w(x). What is c(f)?
-3
Suppose -3*n = 5*f - 16, 0 = n - 4*n + 5*f - 4. Suppose -u - n = 4. Let g(v) = -2*v. Give g(u).
12
Let f be 8/(-20) - 7/(-5). Let c(w) = 3*w**2 + 1. Let o(l) = 4*l**2 + 1. Let g = 21 + -25. Let h(n) = g*o(n) + 5*c(n). Determine h(f).